 + 2*o - v, 0 = o - 5*v - 1784. List the prime factors of o.
29, 61
Suppose -4*s - 10406 = l - 68836, 0 = -4*s - 20. List the prime factors of l.
2, 5, 7, 167
Let p(x) = 386*x**2 + 33*x + 65. What are the prime factors of p(6)?
14159
Let h = 34 - 16. Suppose 2*o - 4 = 0, -4*u - o - 2*o = h. List the prime factors of -2*((-12)/18 + 8/u).
2
Suppose 0 = -2*v + 2*a + 46804, 13*v + 9*a - 46848 = 11*v. What are the prime factors of v?
2, 3, 47, 83
Let q = -16 - -22. Let h(a) = 3*a**2 - 35*a + 8. Let w be h(0). Suppose 0 = 2*s - w, y - q*y + 434 = s. What are the prime factors of y?
2, 43
Let j(h) be the second derivative of h**4/6 - 5*h**3/3 + 13*h**2/2 - 2*h. Let o be j(-8). Suppose 275 = 8*b - o. What are the prime factors of b?
2, 31
Let g be (-2 - 108/8)/(1/(-2)). Let t = -17 + g. Let c(r) = 6*r - 5. List the prime factors of c(t).
79
Let l(j) = 878*j**2 - 420*j + 3374. What are the prime factors of l(8)?
2, 157, 179
Suppose 3 = -3*o + 30. Let t = -4 + 4. Suppose 315 = -t*q + o*q. List the prime factors of q.
5, 7
Let b(n) = -44*n + 1. Suppose 4*q + 5*i = -0*i - 32, -4*i = -4*q + 4. List the prime factors of b(q).
7, 19
Let n = -40 + 68. Let m be n/5 - (-3)/(-5). Suppose 785 = 4*p - m*r, -r - 35 = -p + 161. List the prime factors of p.
3, 5, 13
Let o = -23100 + 23182. Let q = -16 + -35. Let s = o + q. List the prime factors of s.
31
Let q = 4202 - 4126. List the prime factors of q.
2, 19
Let k(l) = 1675*l**2 + 6*l + 350. What are the prime factors of k(6)?
2, 19, 1597
Let v be (-1 + 2)/((-3)/3) + 3. List the prime factors of 0 - (-1)/v - 7871/(-34).
2, 29
What are the prime factors of (43 + -47)/(46562/(-15518) - -3)?
7759
What are the prime factors of (-2546824)/(-784) + (-5)/(-2) + -1?
2, 5, 13
Let a be -2*(-7 - (-3 + 0)). Suppose -a*i - 1284 = -4*i. What are the prime factors of (i/(-15))/(3/15)?
107
Suppose 5*a - 7*d - 46507 = 0, -5*a - 31*d + 46459 = -30*d. What are the prime factors of a?
9293
Suppose 0 = 3*p - 6*p + 2*l + 4766, -3*l = 12. Let z = p - 816. List the prime factors of z.
2, 5, 7, 11
Let i(z) = 5*z**2 + 2*z + 9. Let k be i(-4). Suppose 82*d - k*d = 134. List the prime factors of d.
2, 67
Let c(j) = 5*j**2 - 18*j + 7. Let k be c(4). Suppose -l = 4*o - 2573, 0 = l - 4*l + k. List the prime factors of o.
2, 3, 107
Suppose -s - 5*p = 827, -3*s - 3183 = s - 5*p. Let a = s - -1231. Let z = a - 253. What are the prime factors of z?
2, 11
Let z be (-2)/7 + (-295900)/(-35) + -5. Suppose -25*k + 33374 = z. What are the prime factors of k?
997
Let f = -139 - -141. Suppose -3*y + 468 = r, 0 = r - 5*r - f*y + 1872. What are the prime factors of r?
2, 3, 13
Let w = 61 + 899. Let j = w - 121. List the prime factors of j.
839
Suppose 151*i - 61*i = 1132290. List the prime factors of i.
23, 547
Let o = -11220 + 26148. What are the prime factors of o?
2, 3, 311
Suppose r - 213 = -x + 3*x, -3*r = 3*x - 675. Let v = -15 + r. What are the prime factors of v?
2, 103
Let o be -3 - (-2 + -2 - 2). Suppose -3*v - a - 129 = -6*v, -4*v + 4*a = -172. Suppose o*r + v - 85 = 0. List the prime factors of r.
2, 7
Suppose 4231 = 2*t - 5*t - m, -m + 5632 = -4*t. Let u = t + 2765. Suppose 299 = -7*b + u. List the prime factors of b.
151
Let s = 44 + -26. Let v be ((-16)/(-6))/(3/s). Suppose 17 = -15*q + v*q. What are the prime factors of q?
17
Let x = -237 - -766. Let a = x + -254. List the prime factors of a.
5, 11
What are the prime factors of (-9 - (-1023)/77)*(2855/15 + 1)?
2, 5, 41
Suppose 0 = 62*d - 55*d - 38248. What are the prime factors of d/14 - (-28)/(-98)?
2, 3, 5, 13
Let z be 10316/(-24) - (-3 - 76/(-24)). Let v = z + 523. List the prime factors of v.
3, 31
Suppose -2*z + z = -3. Suppose -2*u - 7*m + z*m = -18, -u + 3*m - 11 = 0. Let p(c) = 8*c + 2. List the prime factors of p(u).
2, 5
Let b = -1956 - -3442. List the prime factors of 3*(-32)/(-72) + b/6.
3, 83
Let h(l) = -9*l + 11. Let j be h(2). Let w(i) = 6*i**2 - i + 8. Let s(v) = 5*v**2 - v + 8. Let a(y) = j*s(y) + 6*w(y). List the prime factors of a(7).
2, 3
Let w(s) = -2*s - 3. Let q(c) = -c - 4. Let x(a) = -5*q(a) + 4*w(a). Let k be x(0). Suppose -5*j = -k*j + 195. What are the prime factors of j?
5, 13
Let x be 1938/21 + 5/(175/(-10)). Suppose -27*r + 20*r + 826 = 0. Let k = r - x. List the prime factors of k.
2, 13
Suppose -6*q - 3*q + 45 = 0. Suppose -3*o - 44 = 3*l - 5, -q*l + 5*o = 85. List the prime factors of 3/(-9) - 1250/l.
83
Let s be (-1)/1 - (-31 - -5). Suppose -g = -0*i + 2*i - 4, s = 5*i - 5*g. Suppose 0 = 3*r + 2*a - 4 - 16, -i*a - 15 = 0. List the prime factors of r.
2, 5
What are the prime factors of (446/15*18)/((-6)/(-75))?
2, 3, 5, 223
Let g = 2352 - -4496. What are the prime factors of g?
2, 107
Suppose 401 = 4*c + 145. Let h = 64 - c. What are the prime factors of 122 + (h - 4) + 1?
7, 17
Let i be (-3)/(-6) + 6/(-12)*-3. What are the prime factors of 103/(i/(0 - -6))?
3, 103
Let g = 189 + -192. List the prime factors of (-564)/(-8) - g/2.
2, 3
Let x = 69730 + -11896. List the prime factors of x.
2, 3, 7, 17
Let i(c) = 1669*c - 8114. List the prime factors of i(22).
2, 7151
Suppose -4*i = 4*t + 6357 - 113969, -i - 26917 = -t. List the prime factors of t.
2, 3, 5, 13, 23
Let d = 6860 + -1315. List the prime factors of d.
5, 1109
Let o = -5444 - -13361. List the prime factors of o.
3, 7, 13, 29
List the prime factors of (-9 - -2797) + 3 + -2.
2789
Suppose -6762*v = -6745*v - 152745. List the prime factors of v.
3, 5, 599
Let l(k) = -28*k - 13. Let d be l(-3). Suppose v = -4, r + 4*v + 8 = -d. Let n = 90 + r. List the prime factors of n.
3
Suppose 709*x + 8296 = 705*x. Let o = x - -3222. List the prime factors of o.
2, 7, 41
Suppose -g + 3*g = 10. Let l(r) = 8*r - 9 - g*r + 17*r. List the prime factors of l(2).
31
Let l(k) = -3*k + 20. Let t be l(7). Let r be ((-1)/t)/((-9)/(-45)). Suppose 0 = -r*c + 420 + 160. What are the prime factors of c?
2, 29
Let u = 2593 + 3335. What are the prime factors of u?
2, 3, 13, 19
Let k = 4454 + 1237. List the prime factors of k.
3, 7, 271
Suppose -q + 66 = 4*r, -24 = -4*r + 2*r + 4*q. Suppose -r = -9*i + 5*i. What are the prime factors of 1/(3/36) - i?
2
Let t(z) be the second derivative of 13*z**3/6 - 17*z**2 - 4*z. Let b(f) = -f**2 - 13*f + 24. Let p be b(-14). List the prime factors of t(p).
2, 3
Suppose 31*y - 120756 = 183352 + 13301. What are the prime factors of y?
3, 3413
Suppose -h + 1166 = -4*p, 5*p - 2874 = -4*h + 1895. List the prime factors of h.
2, 593
Let q(f) = -f**2 + 8*f + 347. Let h be q(-15). Suppose 448 = 6*t - h*t. What are the prime factors of t?
2, 7
Let q(r) = 3*r**3 - 13*r**2 - 25*r - 36. Let t(c) = -c**3 + 6*c**2 + 13*c + 18. Let a(s) = -4*q(s) - 9*t(s). What are the prime factors of a(-5)?
2, 7
Let t be (-5774)/14 - (-3)/7. Let l = t - -1156. List the prime factors of l.
2, 3, 31
Suppose 2*f + 3*z + 113 = 0, 4*z + 74 = -f - z. Let h(k) = 10*k**3 - 2*k - 5. Let c be h(2). Let q = c + f. List the prime factors of q.
2, 11
Suppose 0 = 288*b - 280*b - 17504. List the prime factors of b.
2, 547
Let w = 14321 + -9704. What are the prime factors of w?
3, 19
Suppose -2*q + 159 = -231. Suppose 191 - q = -s. What are the prime factors of 2/(s + 578/(-145))?
5, 29
Let a = 60 + -58. Suppose -5 = a*l + o, 5*o + 4 = -2*l + 11. What are the prime factors of 1/l + 1*105/20?
5
Let t be (234/(-42) - -6) + (-13620)/(-21). Suppose -h = x - t, 3*x - x + 8 = 0. List the prime factors of h.
653
Suppose 5*x - 6631 = -3*p, 3*p = -5 - 4. Let j = -899 + x. What are the prime factors of j?
3, 11, 13
Let j(b) = 13213*b + 106. List the prime factors of j(1).
19, 701
Let f be (15/5)/3*0. Suppose f = -19*h + 21*h - 792. What are the prime factors of h?
2, 3, 11
Suppose 5*q + 20 = 0, -7*p - 5*q = -3*p - 11868. List the prime factors of p.
2, 743
Suppose 3737303 + 644291 - 374992 = 123*t. What are the prime factors of t?
2, 3, 61, 89
Suppose 3*y - y = h + 215, 3*y = -4*h + 317. Let z = y - 56. Let b = 1 + z. List the prime factors of b.
2, 13
Suppose -145 - 38 = -3*q. Suppose q*w + 364 = 65*w. Let k = -17 + w. What are the prime factors of k?
2, 37
Let b = -7605 - -23206. What are the prime factors of b?
15601
Let r(m) = 11*m + 0 + 17 + 6*m + 15*m - 2*m**2. Let u be r(16). Suppose 12*l - u*l + 970 = 0. List the prime factors of l.
2, 97
Let 